2*o, 4*m - 21 = 3*o. Suppose 0 = 3*c - 5*l - 335, 5*c - 4*l - 625 = -m*l. Let t = -50 + c. List the prime factors of t.
2, 5, 7
Let h be -1*94*(-1833)/94. Suppose 5*v - h = -38. What are the prime factors of v?
359
Let f = 23817 - 4701. What are the prime factors of f?
2, 3, 59
Suppose 21*g + 80 = 5*g. What are the prime factors of 5*g/(-25) + 271?
2, 17
Let a be (-1)/3 + ((-2)/3 - 3). Let s be (-1)/(948/(-236) - a). Suppose 0 = r - 2*i - s, -5*r - 71 + 418 = 3*i. What are the prime factors of r?
67
Let w = -6868 + 29301. List the prime factors of w.
22433
What are the prime factors of (5/(-4 + 3))/((18/(-14088))/3)?
2, 5, 587
Let i = 12181 + -7661. What are the prime factors of i?
2, 5, 113
Suppose -4*m + a - 36 + 48 = 0, 5*m = -5*a + 15. Suppose 2*c - m*s - 976 = s, s + 991 = 2*c. What are the prime factors of c?
2, 3, 83
Let j(d) = d**3 - 62*d**2 - 165*d + 717. List the prime factors of j(68).
3, 7, 821
Let n(b) = 12*b**3 - 218*b**2 + 6*b + 52. What are the prime factors of n(19)?
2, 59
Let k = -33 - -35. Suppose 372 = 2*f - k*d, -2*f + 744 = 2*f - d. Suppose 5*y + 56 = f. What are the prime factors of y?
2, 13
Suppose 14*t - 73 = -3. Let q be (12/(-2 + 1))/((-1)/54). Suppose 8*f - q = t*f. What are the prime factors of f?
2, 3
Suppose -6*q + 37 = 7. Suppose 0 = 8*k - q*k + 3, -3*r + 3*k + 1125 = 0. List the prime factors of r.
2, 11, 17
Suppose 356*x + 462281 = 139*x + 3278073. List the prime factors of x.
2, 811
What are the prime factors of (-2 - -1)*(-7 + -63210)?
7, 11, 821
What are the prime factors of 13949 - 6/4*(-8)/(-6)?
3, 4649
Let l(m) = 2*m**3 + 4*m**2 - 10*m + 18. Let j(s) = -7*s**3 - 10*s**2 + 30*s - 53. Let a(w) = -3*j(w) - 8*l(w). List the prime factors of a(3).
2, 3, 17
Let f(j) = 83*j + 68. Let h be 10/(-3)*108/(-60). What are the prime factors of f(h)?
2, 283
Suppose -12*p + 448 = 16. Suppose p*s - 5610 = 30*s. What are the prime factors of s?
5, 11, 17
Let y(v) = -1438*v + 56. List the prime factors of y(-7).
2, 3, 7, 241
Suppose 0 = -3*u + 10*u + 21. What are the prime factors of (184 - 16)*u/(-4)?
2, 3, 7
Let w = 368 - 250. Suppose -38 + w = 5*x + 5*t, 0 = x + 3*t - 10. List the prime factors of x.
19
Let g(k) = 2*k + 8. Let r be g(-12). Let i be (-7)/(-21) + r/(-6). Suppose 2*n - i*f - 209 - 75 = 0, 0 = 4*f. List the prime factors of n.
2, 71
Let q = -1710 - -5271. List the prime factors of q.
3, 1187
Let m = -21 - -26. Suppose z = -j - 5, 3*z - z - j - m = 0. Suppose -5*n = f - 54, -2*f + 2*n + 9 + 63 = z. List the prime factors of f.
3, 13
Let w = -547 - -557. List the prime factors of 892 - -14 - (w + -2).
2, 449
Let k(q) = 6*q + 86 - 102 - 48. What are the prime factors of k(18)?
2, 11
Suppose -36*k + 11*k + 105275 = 0. Suppose 3*l + f = k, 5*f - 4207 = 3*l - 6*l. What are the prime factors of l?
2, 3, 13
Suppose -9*a + 14*a - 71743 = 23437. List the prime factors of a.
2, 4759
Suppose -10*q + 16*q = -23*q + 235016. List the prime factors of q.
2, 1013
List the prime factors of 1*(-15)/2*(-1030 + -12).
3, 5, 521
Let a(q) be the third derivative of -q**4/12 - 15*q**3/2 + 29*q**2. Let v be a(-25). Suppose 0 = -v*r - 94 + 424. List the prime factors of r.
2, 3, 11
Let o = 17450 + 2193. List the prime factors of o.
13, 1511
Let z(b) = 32*b**2 + 30*b - 275. What are the prime factors of z(10)?
3, 5, 43
Let m = -298 + 340. Suppose m = -3*t + 243. What are the prime factors of t?
67
Suppose -19*g - 226 - 21 = 0. Let m(p) = p**3 + 20*p**2 + 6*p - 9. List the prime factors of m(g).
2, 137
Let d = -510 - -344. List the prime factors of (4 - 42)*d/4.
19, 83
Let a be -9 - -2 - (3 + 4). List the prime factors of a/(-3)*822/7.
2, 137
Suppose 15*z - 20*z - 3*t + 52 = 0, -z + 12 = t. Suppose b = -l + 765, 7*b - z = 5*b. List the prime factors of l.
761
Let r be 4/10 + 318/30. Let v(w) = -23 + 12*w - 3*w - 6*w. What are the prime factors of v(r)?
2, 5
Let h(i) = 215*i - 730. List the prime factors of h(13).
5, 7, 59
Suppose 2*j + 3*x = -9, -16 = -5*j + x + 4. Let p be ((-8)/(-6))/(j*(-7)/(-126)). What are the prime factors of 2/p*-194*-2?
97
Suppose 0 = -25*c + 7*c. What are the prime factors of (-27 + c)*(-200)/60?
2, 3, 5
Let u(p) = p**3 + 11*p**2 - 36*p - 17. What are the prime factors of u(14)?
29, 151
Suppose -2*i + 7*i + 4*y - 122 = 0, -5*i + 138 = -4*y. What are the prime factors of (-20 + i)*1082/6?
2, 541
Suppose 102*g - 338776 = -34*g. What are the prime factors of g?
47, 53
Let w(l) = 15*l**2 - 5. Let d be w(-4). Suppose 0 = -3*t + 5*q + 447, 3*t - 3*q = 6*t - 471. Let v = d - t. List the prime factors of v.
3
Let z be (5/2 + 9/18)/3. What are the prime factors of z/(-11) + (-7)/(539/(-13482))?
5, 7
Let b(s) = -140*s - 21 + 15*s + 8*s. List the prime factors of b(-3).
2, 3, 5, 11
Suppose 3*x + 23 = v - 0*x, 0 = 5*v - 3*x - 139. Suppose 12*f = v*f - 19890. What are the prime factors of f?
2, 3, 5, 13
Let o = 14 - 6. Suppose 3*f + 5*f - o = 0. Suppose -58 = -y - f. List the prime factors of y.
3, 19
Suppose -198*m + 2736900 = -48*m. What are the prime factors of m?
2, 3, 3041
Suppose -22*a + 19*a = -36. Let z be (a/(-9))/(3/(-18)). Let u(t) = -t**2 + 7*t + 27. List the prime factors of u(z).
19
Let y(o) = -o**3 - 71*o**2 + 309*o + 139. What are the prime factors of y(-76)?
3, 5, 41
Let s be -76 + 3 + -3 + 1 - -3. Let z = 8 - s. Suppose -5*f + 0 = -3*v + 11, -4*f = 5*v - z. List the prime factors of v.
2, 3
Suppose 0 = -q - 2*m + 28068, -178*m + 182*m + 56072 = 2*q. List the prime factors of q.
2, 7013
Suppose -4*q + 4*x = x + 4, -q = -x. List the prime factors of (q - 2) + 13 - -298.
5, 61
Let r = -70 - -72. Suppose 0 = -r*z - 4*n + 302, -5*n + 223 = 2*z - 78. Suppose 439 = 4*m - z. List the prime factors of m.
2, 37
Let i be (2 - (-7 + 11)) + -5. List the prime factors of ((-280)/(-50))/i - (-4409)/5.
881
Suppose -z = 3*k + 5, z + 4*k + 3 = -1. List the prime factors of 0/1 + (3 + -5803)/z.
5, 29
Let a(x) = -11*x - 53 - 14 + 18*x. Let g be a(11). List the prime factors of 118 + -2 + g + -7.
7, 17
Suppose 5*y = 6*y + 23. Let m = -10 - y. Suppose 7*r + 60 = m*r. What are the prime factors of r?
2, 5
Let h be (-4 + 7 + 2)*-179. Let s = 1591 + h. Suppose -4*t - 2*t = -s. List the prime factors of t.
2, 29
Let a(d) = -155*d - 68. Let b(p) = -103*p - 45. Let n(t) = -5*a(t) + 7*b(t). List the prime factors of n(12).
673
Suppose -g + 6 = k + k, 2*g = -k + 3. Suppose g = -2*d - 12 - 20. Let m = 100 + d. List the prime factors of m.
2, 3, 7
Let g = -4162 + 2914. Let l = -44 - g. List the prime factors of l.
2, 7, 43
What are the prime factors of 1*(-6 - -4)*(-163245)/10?
3, 10883
Let y = 17 - 17. Suppose y = 5*v + 20, -z + 2*v - 222 = 4*z. Let m = z - -53. List the prime factors of m.
7
Let i(n) be the third derivative of n**4/8 + 6*n**3 + 233*n**2 + 2*n + 2. Suppose 4*j - 3*f - f = 52, 3*j - f = 33. What are the prime factors of i(j)?
2, 3, 11
Let w be 12/5*8800/30. Let p = w + -318. List the prime factors of p.
2, 193
Let v = 434 + -425. Suppose 39 = v*u - 5532. List the prime factors of u.
619
Let t(f) = -f**2 + 7*f - 5. Let h be t(9). Let l = 26 + h. Suppose -2*v + 106 = l*b, 4*v = 2*b - 3*b + 192. List the prime factors of v.
47
Let p be (-12)/10*(-105)/14. Let k(n) be the first derivative of n**4/4 - 3*n**3 + 7*n**2 - 19*n + 62. List the prime factors of k(p).
107
Suppose 3*i - 3983 = -4*k, 4*i + 1323 - 6639 = -4*k. List the prime factors of i.
31, 43
Let m(d) = 61*d - 23. Let p be m(13). Let g = 798 + p. What are the prime factors of g?
2, 7
Let f(t) = 8*t**2 + 14*t - 120. Let x be f(8). Let k = -77 + x. List the prime factors of k.
7, 61
Let u(t) = 382*t**2 + 17*t + 96. What are the prime factors of u(-3)?
3, 43
Let z(y) = -188*y**3 - y**2 - 8*y - 70. What are the prime factors of z(-6)?
2, 5, 811
Let a(g) = g**3 - 2*g + 1. Let t be a(1). Suppose t = j + j - 152. Suppose -j = -5*h + 359. List the prime factors of h.
3, 29
Let s(c) be the third derivative of -41*c**4/24 - 89*c**3/6 - 35*c**2. List the prime factors of s(-7).
2, 3, 11
List the prime factors of (3 - (2 - 0)) + (-17 - 26) + 49717.
5, 1987
Let x(g) = 21 - 263*g - 4 - 8 - 27. List the prime factors of x(-3).
3, 257
Let p(h) = h**3 - 123*h**2 + 102*h + 477. List the prime factors of p(126).
3, 13, 521
What are the prime factors of (133 + -136)*((-53772)/(-9